*t = 12*t - 598. Is t composite?
True
Suppose 3 + 6 = 5*v + 3*b, -5*b - 13 = -v. Let k = -71 + 73. Suppose 0*a - 38 = -k*s - 2*a, v*a = 5*s - 119. Is s composite?
True
Suppose 2*b + 5*j - 62080 = -3*b, j - 37250 = -3*b. Is b a composite number?
True
Suppose 3*q = -9, 2*g + 0 = -4*q + 110. Let v = g - 34. Is 1869/v + (-4)/18 a prime number?
False
Let o = -32048 - -45571. Is o a prime number?
True
Let m = 6027 - -16274. Is m a composite number?
True
Suppose 2*n - 4*n - 10485 = -5*d, -5*n + 25 = 0. Is d composite?
False
Let s(z) = 195*z**2 + 4*z + 14. Let d be -5 - -5 - (3 + 3 - 3). Is s(d) prime?
False
Let u(m) = -311*m + 15. Suppose 0*n + 5*n - 23 = 2*f, 4*f - 5*n = -31. Is u(f) composite?
False
Let j be (-2)/(-4) - 3966/(-4). Suppose -4*c + j = 2*t, -5*t + 3*c + 2*c + 2450 = 0. Suppose 4*u = -4*l + t, 0 = -4*l - 0*u + 4*u + 460. Is l composite?
True
Is -1*(-10786 + 5)*1 composite?
False
Let v = 11 + -7. Suppose -2*k - v*l = -3*k + 20, -2*l - 28 = -5*k. Suppose -186 = -k*a + 90. Is a composite?
True
Let w = -503 - -1272. Is w a composite number?
False
Let c = 8 - 8. Suppose c = -6*y - 3*y + 12213. Is y composite?
True
Suppose 21*w - 25*w + 4660 = 0. Is w a composite number?
True
Suppose 2*d = 7 + 3. Suppose 0 = 4*k - d*c - 5631, 0 = -8*k + 5*k - c + 4228. Is k composite?
False
Suppose -z = -y + 8933, -5*y = z - 4*z - 44657. Is y composite?
False
Suppose 0 = -3*i + 19 + 11. Is (-3)/2 - (-1585)/i a prime number?
True
Suppose -3*u = -z + 458, -329 = -2*z - 4*u + 547. Is z composite?
True
Let a(r) = r**3 + 5*r**2 + 5*r + 7. Let h be a(-2). Suppose 7*q - h*q = -406. Is q composite?
True
Let j(t) = t**2 + 4. Suppose -4*h = h. Let o be j(h). Is (2/o)/(3/1842) a composite number?
False
Suppose -4*a = -2*c - 3*a - 3637, 3*a = 3*c + 5457. Let d = 2605 + c. Is d a composite number?
False
Let t be ((-6)/4)/((-26)/52). Suppose -t*h + 4*s + 1897 = -0*h, s - 1892 = -3*h. Is h a composite number?
False
Let w = -2179 - -3504. Let i = 1694 + w. Is i a prime number?
True
Suppose 3 = -10*w + 33. Suppose t + 463 + 772 = a, 4*a - w*t = 4942. Is a composite?
False
Let q be 3 + 9 + 2 + -2 + -1. Let c(d) = d**3 - 7*d**2 + 3*d. Is c(q) prime?
False
Let p be (-1)/(8/(-20))*-2. Let w be p/20*53*-16. Let k = -145 + w. Is k prime?
True
Let h(w) = 28*w - 5. Suppose -p + 5*b = -13, 2*p + 4 = -3*b - 2*b. Is h(p) a composite number?
False
Suppose 0*j - 255 = 5*j. Is (-15215)/j + 2/3 a composite number?
True
Let u = -1458 - -3921. Is u composite?
True
Suppose 0 = h - 1, -2209 = -4*n - 6*h + h. Let m = -301 + n. Let g = m + 17. Is g a prime number?
False
Let s(d) = d**3 - 3*d**2 - 2*d - 1. Let g be s(3). Let q = g - -11. Suppose -3*h + 37 = 2*v - q*v, 4*v = 4*h - 48. Is h a prime number?
True
Let s(o) = 10316*o + 207. Is s(11) a composite number?
False
Let w = -50 - -47. Is 1564 - ((-2 - w)*1 - -2) a prime number?
False
Let c(s) = -2*s**2 + 2*s - 3. Let z be c(4). Let d(o) = o**3 - o**2. Let y be d(-4). Let k = z - y. Is k a composite number?
False
Let p = 3 + -3. Suppose 2*r - 3 + 1 = p. Is r/(-3 - -2) + 192 composite?
False
Let k be (1344/35)/(3/70). Suppose -2*l + k = v, 221 = 2*l - 2*v - 663. Is l prime?
False
Let u(k) = -k + 7 + 2*k + 9. Let g be u(-16). Suppose h - 68 - 51 = g. Is h a composite number?
True
Let i = 1597 + 237. Let l = -585 + i. Is l a prime number?
True
Let f = 4906 + 223. Is f a prime number?
False
Is 3/6*(-13527 - 7)*-1 a prime number?
False
Suppose 4*k + 8 - 52 = 0. Let m = k - 22. Is 1/1 - m - -1 a prime number?
True
Let p(r) = -r**2 - 8*r - 7. Let y be p(-7). Suppose y = -c + 5*c. Is (-194)/4*(c + -2) composite?
False
Let w(y) = 24*y**3 - y - 1. Let z be w(3). Let x = 997 - z. Is x composite?
False
Let k(d) = -2*d**3 - d**2 + d + 1. Let t be k(-1). Suppose -q - 11 = -t. Is 74/4*q/(-5) composite?
False
Suppose 2*r - 9801 - 17759 = 0. Is ((-2)/(-1))/(40/r) composite?
True
Let v = 32294 - 16641. Is v prime?
False
Let n(h) = h**3 - 13*h**2 + 12*h + 5. Let l be n(12). Suppose l*f - 63 = -13. Is 15/f - (-345)/6 composite?
False
Suppose 0 = -4*m + 2*m + 8, -40 = -4*q - 5*m. Let r(t) = 4*t - 4. Let s be r(4). Suppose -1 = -o + q*w + 26, -4*o + s = 4*w. Is o a composite number?
False
Let b be -18*((-3)/6 - 0). Suppose 0 = j - u - b, -j + 5*u = -2*j - 15. Suppose -2*p + j*z = -877, 3*z = 3*p - 2*z - 1328. Is p composite?
True
Suppose 0 = 3*w + t + 4*t - 28807, 4*w - 5*t - 38386 = 0. Is w a prime number?
False
Suppose -30830 - 8976 = -26*w. Is w composite?
False
Let g = 89 + -125. Let j = 59 + g. Is j a composite number?
False
Let b(m) = -24*m**2 - 13*m - 4. Let g be b(-10). Let c be 2/3*g/(-1). Suppose 0*z = 4*z - c. Is z composite?
False
Let z(w) = 2*w**2 - 1. Let t be z(-1). Suppose 4*l + 3 = 2*m + t, l - 1 = -m. Suppose -2*p + 84 + 94 = l. Is p composite?
False
Is ((-12)/18)/(-1 - 241295/(-241305)) a prime number?
True
Let m(b) = 12780*b - 1. Let s be m(1). Suppose 0 = p - 1802 - s. Is p prime?
False
Suppose 9 = 2*v + v. Let p be (-338)/(-39)*v/2. Suppose 10*d - p*d = -69. Is d composite?
False
Let d(u) be the first derivative of 20*u**3 - 4*u**2 - u - 20. Is d(2) a composite number?
False
Let g be (-5)/((-50)/(-5))*-8. Let p(u) = 4*u**3 + 4*u**2 + 3*u - 1. Is p(g) a composite number?
False
Let x(z) = 764*z - 477. Is x(22) a composite number?
True
Let k be 3/(3*(-1)/(-3)). Suppose 2*o + 17 = -0*o + 3*v, 3*v + 48 = -k*o. Let u = 114 - o. Is u a composite number?
False
Suppose 3*g + 9 = 24. Suppose -2*w = g*l - 53, 2*w - 13 = -l + 4*w. Is l composite?
False
Suppose 37*l + 9383 = 41536. Is l prime?
False
Let x(l) = 7*l + 16 + 17*l**2 - 3*l**2 - 9*l**2. Is x(-9) a prime number?
False
Let i = -7311 + 25082. Is i composite?
True
Let g be (-10)/(2/(-9)*3). Suppose 0 = -5*z + 10, -5*z = 2*w - g - 27. Is (-4)/w - (-53)/4 a prime number?
True
Suppose s = -b + 4085, -6488 - 9846 = -4*s - b. Is s composite?
True
Suppose -844 = -4*x + w + 107, w + 714 = 3*x. Suppose 0 = 3*q - 162 - x. Is q composite?
True
Let v(y) = -23*y + 2. Let f(m) = m + 3. Let b(z) = z + 4. Let g(h) = -3*b(h) + 4*f(h). Let c(q) = -6*g(q) + v(q). Is c(-1) composite?
False
Let q = 3937 - 1919. Suppose 2*s = 4*s - q. Is s composite?
False
Suppose 10*t - 77277 - 34813 = 0. Is t prime?
False
Suppose -7*c = -0*c + 49. Let q be c/((-7)/1737) + -2. Suppose 3*m - q = -2*m. Is m a composite number?
False
Let x = 24186 + -15407. Is x composite?
False
Let l = 3491 + 2688. Suppose -4*x + 1349 = -l. Is x a prime number?
False
Suppose 0 = -35*b + 37*b + 1670. Let l = -318 - b. Is l prime?
False
Suppose -2*c - 27004 = -2*p, -c - 13506 = -p + 4*c. Is p prime?
False
Let t = 35 - 39. Is (0/1 + 6)*(-38)/t prime?
False
Let f be 111*((-19)/(-3) - -1). Is 2/(0 + 4/f) a prime number?
False
Suppose s + 4*a + 14 = 0, 2*s - 5*a = -0*s + 11. Let y(v) = 10*v**2 + 3*v + 3. Is y(s) a composite number?
False
Let k(t) = -2*t**2 + 24*t + 30. Let l be k(13). Suppose 0 = 2*z + 25 - 235. Suppose n + z = l*n. Is n prime?
False
Suppose 0*r = -4*j + 4*r + 132, -4*j = -2*r - 132. Let d(s) = s - 26. Let f be d(0). Let b = j - f. Is b a prime number?
True
Is 977/6 + 23/138 composite?
False
Suppose 0 = -2*c + 6, 0 = 5*r + c + 4*c + 55. Let m(f) = -18*f + 41. Is m(r) a composite number?
False
Suppose -h - 5*t + 8 + 3 = 0, -3*h = 2*t - 20. Is 331*(1/3 - (-4)/h) a prime number?
True
Let o(i) = 6*i - 4. Let v be o(3). Let n(h) = 120*h - 17. Is n(v) composite?
False
Let n = 2366 - 961. Suppose n = 7*i - 1710. Is i a composite number?
True
Let z(j) = 922*j + 307. Is z(48) a composite number?
False
Suppose 14*s = 11601 + 18905. Is s a prime number?
True
Let u = 307 + -130. Let a = u - 124. Is a a prime number?
True
Is 1689 - (-4)/7*(-6 + 13) composite?
False
Let k be (-1)/(6/(-9))*2. Suppose 0 = -5*h + k*w - 7*w - 8, -2*h = 4*w + 8. Let m(b) = 2*b + 37. Is m(h) prime?
True
Suppose 4*b + 3*x - 2179 = 0, b - 551 = 2*x - 4*x. Is b a prime number?
True
Let p = -9 + 3. Let x be 512/p*(-60)/(-8). Is 20/(-30) + x/(-6) composite?
True
Suppose -9*n + 123 - 42 = 0. Let l be (-16)/(-6)*n/6. Suppose l*s + 5*z = s + 3157, 2*s + z = 2100. Is s prime?
True
Let z = 56415 + -19946. Is z prime?
True
Suppose 4*h + 5*c = -12, 2*c + 4 = c. Suppose -3*y = -r - 3775, h*r - r = -2*y + 2520. Is y a prime number?
True
Suppose 3*n = -9, 14*s - 17*s + 9807 = 5*n. Is s prim